{"id":1634,"date":"2014-06-26T04:00:56","date_gmt":"2014-06-26T02:00:56","guid":{"rendered":"http:\/\/www.dungeon-skippers.fr\/?page_id=1634"},"modified":"2014-07-23T08:47:40","modified_gmt":"2014-07-23T06:47:40","slug":"secrets-et-anecdotes","status":"publish","type":"page","link":"http:\/\/www.dungeon-skippers.fr\/?page_id=1634","title":{"rendered":"R\u00e9f\u00e9rences et anecdotes"},"content":{"rendered":"<p style=\"text-align: center;\">\n<p style=\"text-align: center;\">\n<p style=\"text-align: center;\"><span style=\"text-align: justify;\"><em>Plein de petits d\u00e9tails et &laquo;&nbsp;secrets&nbsp;&raquo; de la s\u00e9rie, ainsi que quelques anecdotes<br \/>\nconcernant la conception des \u00e9pisode et l\u2019origine de certaines id\u00e9es<\/em><\/span><\/p>\n<p style=\"text-align: center;\"><a href=\"http:\/\/www.dungeon-skippers.fr\/?page_id=1645\"><img decoding=\"async\" class=\"size-full wp-image-360 aligncenter\" src=\"http:\/\/img11.hostingpics.net\/pics\/361439references1.png\" alt=\"\" \/><\/a><\/p>\n<p style=\"text-align: center;\"><img decoding=\"async\" class=\"aligncenter\" style=\"text-align: center;\" src=\"http:\/\/img11.hostingpics.net\/pics\/467479bonavenircopie.png\" alt=\"\" \/><\/p>\n","protected":false},"excerpt":{"rendered":"<p>Plein de petits d\u00e9tails et &laquo;&nbsp;secrets&nbsp;&raquo; de la s\u00e9rie, ainsi que quelques anecdotes concernant la conception des \u00e9pisode et l\u2019origine de certaines id\u00e9es<\/p>\n","protected":false},"author":1,"featured_media":0,"parent":8,"menu_order":0,"comment_status":"open","ping_status":"open","template":"","meta":{"footnotes":""},"class_list":["post-1634","page","type-page","status-publish","hentry"],"_links":{"self":[{"href":"http:\/\/www.dungeon-skippers.fr\/index.php?rest_route=\/wp\/v2\/pages\/1634","targetHints":{"allow":["GET"]}}],"collection":[{"href":"http:\/\/www.dungeon-skippers.fr\/index.php?rest_route=\/wp\/v2\/pages"}],"about":[{"href":"http:\/\/www.dungeon-skippers.fr\/index.php?rest_route=\/wp\/v2\/types\/page"}],"author":[{"embeddable":true,"href":"http:\/\/www.dungeon-skippers.fr\/index.php?rest_route=\/wp\/v2\/users\/1"}],"replies":[{"embeddable":true,"href":"http:\/\/www.dungeon-skippers.fr\/index.php?rest_route=%2Fwp%2Fv2%2Fcomments&post=1634"}],"version-history":[{"count":8,"href":"http:\/\/www.dungeon-skippers.fr\/index.php?rest_route=\/wp\/v2\/pages\/1634\/revisions"}],"predecessor-version":[{"id":1644,"href":"http:\/\/www.dungeon-skippers.fr\/index.php?rest_route=\/wp\/v2\/pages\/1634\/revisions\/1644"}],"up":[{"embeddable":true,"href":"http:\/\/www.dungeon-skippers.fr\/index.php?rest_route=\/wp\/v2\/pages\/8"}],"wp:attachment":[{"href":"http:\/\/www.dungeon-skippers.fr\/index.php?rest_route=%2Fwp%2Fv2%2Fmedia&parent=1634"}],"curies":[{"name":"wp","href":"https:\/\/api.w.org\/{rel}","templated":true}]}}