{"id":1918,"date":"2014-08-13T11:18:40","date_gmt":"2014-08-13T09:18:40","guid":{"rendered":"http:\/\/www.dungeon-skippers.fr\/?page_id=1918"},"modified":"2014-08-13T11:34:39","modified_gmt":"2014-08-13T09:34:39","slug":"personnages","status":"publish","type":"page","link":"http:\/\/www.dungeon-skippers.fr\/?page_id=1918","title":{"rendered":"Personnages"},"content":{"rendered":"<p><img loading=\"lazy\" decoding=\"async\" class=\" alignnone\" title=\"Kyrus\" src=\"http:\/\/img4.hostingpics.net\/pics\/304916Kyrus.jpg\" alt=\"Kyrus\" width=\"130\" height=\"150\" \/><\/p>\n<p><strong>Nom<\/strong> : Kyrus<br \/>\n<strong><span id=\"docs-internal-guid-fcd4db3c-ce7d-e02f-4131-7a0142938e4c\"><span style=\"font-size: 15px; font-family: Arial; vertical-align: baseline; white-space: pre-wrap; background-color: transparent;\">\u00c2<\/span><\/span>ge<\/strong> : 26 ans<br \/>\n<strong> Classe<\/strong> : Barde<br \/>\n<strong> Alignement<\/strong> : Chaotique Bon<br \/>\n<strong> \u00c9quipement<\/strong> : \u00c9p\u00e9e \u00e0 1 main, Vieille cape qui pue un peu, Luth, Chapeau de barde<br \/>\n<strong> Aime<\/strong> : La bi\u00e8re, les gens cool, les points d\u2019XP faciles, glander<br \/>\n<strong> D\u00e9teste<\/strong> : Les donjons, les qu\u00eates, Th\u00e9mis, Rafahel, Le Ma\u00eetre de Jeu<br \/>\n<strong> <\/strong><\/p>\n<p style=\"text-align: justify;\"><strong>Description<\/strong> : Kyrus est un jeune barde charismatique (il a un chapeau) qui ne sait pas trop ce qu\u2019il veut faire de sa vie. Il n\u2019aime pas trop les qu\u00eates, ni se battre d\u2019ailleurs, et pr\u00e9f\u00e8re g\u00e9n\u00e9ralement se poser tranquillement \u00e0 la taverne et s\u2019enfiler quelques verres plut\u00f4t que d\u2019arpenter les donjons. Cependant il s\u2019ennuie vite, et ne refuse jamais une petite aventure du moment que \u00e7a a pas l\u2019air trop dangereux, et que \u00e7a rapporte de l\u2019XP. C\u2019est un mec plut\u00f4t cool, qui aime se faire des potes et prendre soin du groupe, mais il faut pas trop lui en demander non plus.<\/p>\n<p><strong>Apparition<\/strong> : S01E01<br \/>\n<br \/><\/br><br \/>\n<img loading=\"lazy\" decoding=\"async\" class=\"alignnone\" title=\"TajNaar\" src=\"http:\/\/img4.hostingpics.net\/pics\/278404TajNaar.jpg\" alt=\"\" width=\"130\" height=\"150\" \/><\/p>\n<p><strong>Nom<\/strong> : Taj\u2019Naar<br \/>\n<strong><span id=\"docs-internal-guid-fcd4db3c-ce7d-e02f-4131-7a0142938e4c\"><span style=\"font-size: 15px; font-family: Arial; vertical-align: baseline; white-space: pre-wrap; background-color: transparent;\">\u00c2<\/span><\/span>ge<\/strong> : 28 ans<br \/>\n<strong> Classe<\/strong> : Pr\u00eatre\/Mage<br \/>\n<strong> Alignement<\/strong> : Neutre Mauvais<br \/>\n<strong> \u00c9quipement<\/strong> : Faux, Robe pas eff\u00e9min\u00e9e, Mat\u00e9riel de torture, Bourse commune<br \/>\n<strong> Aime<\/strong> : La bi\u00e8re, lui-m\u00eame, Astyr, l\u2019argent<br \/>\n<strong> D\u00e9teste<\/strong> : Th\u00e9mis, Pikwik, Le Ma\u00eetre de Jeu, les femmes, les enfants, les animaux, les \u00e9trangers, les pauvres, l\u2019eau<br \/>\n<strong> <\/strong><\/p>\n<p style=\"text-align: justify;\"><strong>Description<\/strong> : Taj\u2019Naar est un pr\u00eatre multiclass\u00e9 mage, parce que les sorts de soin c\u2019est pour les tapettes, et v\u00e9n\u00e8re Astyr, le dieu de la mort et de la gu\u00e9rison. Taj\u2019Naar est \u00e9go\u00efste, obs\u00e9d\u00e9 par l\u2019argent (une vertu inculqu\u00e9e par son culte), sadique, raciste, pinailleur, etc, mais c\u2019est surtout un gros connard. Ses objets f\u00e9tiches sont sa faux, avec laquelle il fait r\u00e9gner sa justice, et la bourse commune du groupe dont il s\u2019est auto-proclam\u00e9 responsable. Il n\u2019aime pas tellement Kyrus mais reste relativement proche de lui car c\u2019est le seul avec qui il peut avoir une conversation normale.<br \/>\n<strong> <\/strong><\/p>\n<p><strong>Apparition<\/strong> : S01E03<br \/>\n<br \/><\/br><br \/>\n<img loading=\"lazy\" decoding=\"async\" class=\"alignnone\" title=\"Wulfgar\" src=\"http:\/\/img4.hostingpics.net\/pics\/874496Wulfgar.jpg\" alt=\"\" width=\"130\" height=\"150\" \/><\/p>\n<p><strong>Nom<\/strong> : Wulfgar<br \/>\n<strong><span id=\"docs-internal-guid-fcd4db3c-ce7d-e02f-4131-7a0142938e4c\"><span style=\"font-size: 15px; font-family: Arial; vertical-align: baseline; white-space: pre-wrap; background-color: transparent;\">\u00c2<\/span><\/span>ge<\/strong> : 25 ans<br \/>\n<strong> Classe<\/strong> : Barbare<br \/>\n<strong> Alignement<\/strong> : Chaotique Neutre<br \/>\n<strong> \u00c9quipement<\/strong> : Hache (what else ?)<br \/>\n<strong> Aime<\/strong> : La bi\u00e8re, le foin, tuer des choses<br \/>\n<strong> D\u00e9teste<\/strong> : Les femmes, les faibles, les livres, les l\u00e9gumes, les murs, les arbres<br \/>\n<strong> <\/strong><\/p>\n<p style=\"text-align: justify;\"><strong>Description<\/strong> : Wulfgar est un barbare. Est-il n\u00e9cessaire d\u2019aller plus loin ? Il est stupide, bourrin, goinfre, stupide, violent, irrationnel, asocial, et surtout tr\u00e8s stupide. Il v\u00e9n\u00e8re le dieu Crom (sans trop savoir qui c\u2019est) et manie une hache \u00e0 deux mains qu\u2019il utilise plus souvent que son cerveau ou m\u00eame ses cordes vocales. Sa technique favorite est de se transformer en berserker et de d\u00e9truire tout ce qu\u2019il voit autour de lui, quitte \u00e0 blesser tout le monde. Malgr\u00e9 \u00e7a, c\u2019est un brave gars.<br \/>\n<strong> <\/strong><\/p>\n<p><strong>Apparition<\/strong> : S01E05<br \/>\n<br \/><\/br><br \/>\n<img loading=\"lazy\" decoding=\"async\" class=\"alignnone\" title=\"Pikwik\" src=\"http:\/\/img4.hostingpics.net\/pics\/780440Pikwik.jpg\" alt=\"\" width=\"130\" height=\"150\" \/><\/p>\n<p><strong>Nom<\/strong> : Pikwik<br \/>\n<strong><span id=\"docs-internal-guid-fcd4db3c-ce7d-e02f-4131-7a0142938e4c\"><span style=\"font-size: 15px; font-family: Arial; vertical-align: baseline; white-space: pre-wrap; background-color: transparent;\">\u00c2<\/span><\/span>ge<\/strong> : ???<br \/>\n<strong> Classe<\/strong> : Voleur<br \/>\n<strong> Alignement<\/strong> : Chaotique Bon<br \/>\n<strong> \u00c9quipement<\/strong> : Dagues, Petite cape, Corde, Lapin, Crayons de couleur<br \/>\n<strong> Aime<\/strong> : Les lapins, Kyrus, Th\u00e9mis, Bigoofer, Wulfgar quand il est gentil, le marsouin de Kyrus<br \/>\n<strong> D\u00e9teste<\/strong> : La bi\u00e8re, les gens qui font du mal aux animaux, les monstres<br \/>\n<strong> <\/strong><\/p>\n<p style=\"text-align: justify;\"><strong>Description<\/strong> : Pikwik est un jeune halfelin (selon lui) kleptomane, devenu voleur par la force des choses. Enfin on imagine. Il semble tout le temps \u00e0 l\u2019ouest et ne sait pas trop ce qu\u2019il fait dans le groupe, mais il les suit quand m\u00eame parce qu\u2019il ne sait plus vraiment o\u00f9 il habite ni d&rsquo;o\u00f9 il vient, et parce qu\u2019il aime bien Kyrus. On estime son Q.I \u00e9quivalent \u00e0 celui d\u2019une hu\u00eetre sanguinaire de niveau 3, ce qui reste toutefois plus honorable que Wulfgar. Mais il est mignon, alors on lui pardonne.<br \/>\n<strong> <\/strong><\/p>\n<p><strong>Apparition<\/strong> : S01E07<br \/>\n<br \/><\/br><br \/>\n<img loading=\"lazy\" decoding=\"async\" class=\"alignnone\" title=\"Themis\" src=\"http:\/\/img4.hostingpics.net\/pics\/464893Themis.jpg\" alt=\"\" width=\"130\" height=\"150\" \/><\/p>\n<p><strong>Nom<\/strong> : Themis<br \/>\n<strong><span id=\"docs-internal-guid-fcd4db3c-ce7d-e02f-4131-7a0142938e4c\"><span style=\"font-size: 15px; font-family: Arial; vertical-align: baseline; white-space: pre-wrap; background-color: transparent;\">\u00c2<\/span><\/span>ge <\/strong>: 25 ans<br \/>\n<strong> Classe<\/strong> : Paladine<br \/>\n<strong> Alignement<\/strong> : Loyal Bonne<br \/>\n<strong> \u00c9quipement<\/strong> : Armure de paladin, \u00c9p\u00e9e \u00e0 2 mains, N\u00e9cessaire de couture<br \/>\n<strong> Aime<\/strong> : P\u00e9lor, La paix, la justice, les l\u00e9gumes<br \/>\n<strong> D\u00e9teste<\/strong> : La bi\u00e8re, les gens m\u00e9chants, la violence, la mis\u00e8re dans le monde<br \/>\n<strong> <\/strong><\/p>\n<p style=\"text-align: justify;\"><strong>Description<\/strong> : Themis est une jeune paladine fraichement sortie de l\u2019acad\u00e9mie. Elle adore et sert le dieu P\u00e9lor, et entend bien faire r\u00e9gner l\u2019ordre et la justice en son nom. Seulement elle est faible et na\u00efve, ce qui ne lui laisse pas d\u2019autre choix que de se trouver une \u00e9quipe de compagnons pour survivre. C\u2019est au cours d\u2019une cueillette de champignons qu\u2019elle tombe sur la bicoque vermoulute, et d\u00e9cide (contre l\u2019avis de tous) de se joindre \u00e0 la bande de Kyrus. Le Ma\u00eetre de Jeu compte sur elle pour bouger un peu le groupe, et les motiver \u00e0 se conduire en aventuriers respectables.<br \/>\n<strong> <\/strong><\/p>\n<p><strong>Apparition<\/strong> : S01E23<br \/>\n<br \/><\/br><\/p>\n<p style=\"text-align: justify;\"><img loading=\"lazy\" decoding=\"async\" class=\"alignnone\" title=\"Bigoofer\" src=\"http:\/\/img4.hostingpics.net\/pics\/259381Bigoofer.jpg\" alt=\"\" width=\"130\" height=\"150\" \/><\/p>\n<p style=\"text-align: justify;\"><strong>Nom<\/strong> : Bigoofer<br \/>\n<strong><span id=\"docs-internal-guid-fcd4db3c-ce7d-e02f-4131-7a0142938e4c\"><span style=\"font-size: 15px; font-family: Arial; vertical-align: baseline; white-space: pre-wrap; background-color: transparent;\">\u00c2<\/span><\/span>ge<\/strong> : 6 ans<br \/>\n<strong> Classe<\/strong> : Paladin&#8230;?<br \/>\n<strong> Alignement<\/strong> : Neutre<br \/>\n<strong> \u00c9quipement<\/strong> : Pagne \u00e0 bretelles cousu \u00e0 l\u2019arrache<br \/>\n<strong> Aime<\/strong> : Pikwik, le lapin de Pikwik, manger<br \/>\n<strong> D\u00e9teste<\/strong> : Se faire frapper<br \/>\n<strong><br \/>\nDescription<\/strong> : Bigoofer appartenait \u00e0 un groupe de gobelins ordinaires, dont le seul passe-temps \u00e9tait d\u2019emmerder les aventuriers dans le but de&#8230;enfin&#8230;des gobelins quoi. Seul survivant de sa bande face \u00e0 Wulfgar, il est finalement \u00e9pargn\u00e9 et recueilli par Kyrus et Pikwik, qui d\u00e9cident d\u2019en faire un paladin pour remplacer Themis. Il n\u2019a \u00e9videmment aucune id\u00e9e de ce que c\u2019est qu\u2019un paladin, est incapable d&rsquo;\u00e9mettre autre chose que des \u201cglop\u201d, et se contente de suivre Pikwik sans trop r\u00e9fl\u00e9chir car sa vie est compl\u00e8tement vide de sens.<br \/>\n<strong><br \/>\nApparition<\/strong> : S02E17<\/p>\n","protected":false},"excerpt":{"rendered":"<p>Nom : Kyrus \u00c2ge : 26 ans Classe : Barde Alignement : Chaotique Bon \u00c9quipement : \u00c9p\u00e9e \u00e0 1 main, Vieille cape qui pue un peu, Luth, Chapeau de barde Aime : La bi\u00e8re, les gens cool, les points d\u2019XP faciles, glander D\u00e9teste : Les donjons, les qu\u00eates, Th\u00e9mis, Rafahel, Le Ma\u00eetre de Jeu Description [&hellip;]<\/p>\n","protected":false},"author":1,"featured_media":0,"parent":231,"menu_order":0,"comment_status":"open","ping_status":"open","template":"","meta":{"footnotes":""},"class_list":["post-1918","page","type-page","status-publish","hentry"],"_links":{"self":[{"href":"http:\/\/www.dungeon-skippers.fr\/index.php?rest_route=\/wp\/v2\/pages\/1918","targetHints":{"allow":["GET"]}}],"collection":[{"href":"http:\/\/www.dungeon-skippers.fr\/index.php?rest_route=\/wp\/v2\/pages"}],"about":[{"href":"http:\/\/www.dungeon-skippers.fr\/index.php?rest_route=\/wp\/v2\/types\/page"}],"author":[{"embeddable":true,"href":"http:\/\/www.dungeon-skippers.fr\/index.php?rest_route=\/wp\/v2\/users\/1"}],"replies":[{"embeddable":true,"href":"http:\/\/www.dungeon-skippers.fr\/index.php?rest_route=%2Fwp%2Fv2%2Fcomments&post=1918"}],"version-history":[{"count":24,"href":"http:\/\/www.dungeon-skippers.fr\/index.php?rest_route=\/wp\/v2\/pages\/1918\/revisions"}],"predecessor-version":[{"id":1940,"href":"http:\/\/www.dungeon-skippers.fr\/index.php?rest_route=\/wp\/v2\/pages\/1918\/revisions\/1940"}],"up":[{"embeddable":true,"href":"http:\/\/www.dungeon-skippers.fr\/index.php?rest_route=\/wp\/v2\/pages\/231"}],"wp:attachment":[{"href":"http:\/\/www.dungeon-skippers.fr\/index.php?rest_route=%2Fwp%2Fv2%2Fmedia&parent=1918"}],"curies":[{"name":"wp","href":"https:\/\/api.w.org\/{rel}","templated":true}]}}